{"version":"1.0","provider_name":"Blog - porady pedagogiczne","provider_url":"https:\/\/mojebambino.pl\/blog","author_name":"Aleksandra Pe\u0142ka","author_url":"https:\/\/mojebambino.pl\/blog\/index.php\/author\/aleksandra\/","title":"Jak rozmawia\u0107 z dzieckiem o wojnie? - Blog - porady pedagogiczne","type":"rich","width":600,"height":338,"html":"<blockquote class=\"wp-embedded-content\" data-secret=\"NwkYsI7hIR\"><a href=\"https:\/\/mojebambino.pl\/blog\/index.php\/2022\/02\/28\/dziecko-a-wojna\/\">Jak rozmawia\u0107 z dzieckiem o wojnie?<\/a><\/blockquote><iframe sandbox=\"allow-scripts\" security=\"restricted\" src=\"https:\/\/mojebambino.pl\/blog\/index.php\/2022\/02\/28\/dziecko-a-wojna\/embed\/#?secret=NwkYsI7hIR\" width=\"600\" height=\"338\" title=\"&#8222;Jak rozmawia\u0107 z dzieckiem o wojnie?&#8221; &#8212; Blog - porady pedagogiczne\" data-secret=\"NwkYsI7hIR\" frameborder=\"0\" marginwidth=\"0\" marginheight=\"0\" scrolling=\"no\" class=\"wp-embedded-content\"><\/iframe><script type=\"text\/javascript\">\n\/* <![CDATA[ *\/\n\/*! This file is auto-generated *\/\n!function(d,l){\"use strict\";l.querySelector&&d.addEventListener&&\"undefined\"!=typeof URL&&(d.wp=d.wp||{},d.wp.receiveEmbedMessage||(d.wp.receiveEmbedMessage=function(e){var t=e.data;if((t||t.secret||t.message||t.value)&&!\/[^a-zA-Z0-9]\/.test(t.secret)){for(var s,r,n,a=l.querySelectorAll('iframe[data-secret=\"'+t.secret+'\"]'),o=l.querySelectorAll('blockquote[data-secret=\"'+t.secret+'\"]'),c=new RegExp(\"^https?:$\",\"i\"),i=0;i<o.length;i++)o[i].style.display=\"none\";for(i=0;i<a.length;i++)s=a[i],e.source===s.contentWindow&&(s.removeAttribute(\"style\"),\"height\"===t.message?(1e3<(r=parseInt(t.value,10))?r=1e3:~~r<200&&(r=200),s.height=r):\"link\"===t.message&&(r=new URL(s.getAttribute(\"src\")),n=new URL(t.value),c.test(n.protocol))&&n.host===r.host&&l.activeElement===s&&(d.top.location.href=t.value))}},d.addEventListener(\"message\",d.wp.receiveEmbedMessage,!1),l.addEventListener(\"DOMContentLoaded\",function(){for(var e,t,s=l.querySelectorAll(\"iframe.wp-embedded-content\"),r=0;r<s.length;r++)(t=(e=s[r]).getAttribute(\"data-secret\"))||(t=Math.random().toString(36).substring(2,12),e.src+=\"#?secret=\"+t,e.setAttribute(\"data-secret\",t)),e.contentWindow.postMessage({message:\"ready\",secret:t},\"*\")},!1)))}(window,document);\n\/* ]]> *\/\n<\/script>\n","thumbnail_url":"https:\/\/mojebambino.pl\/blog\/wp-content\/uploads\/2023\/04\/199172_f_18.jpg","thumbnail_width":1000,"thumbnail_height":640,"description":"JAK ROZMAWIA\u0106 Z DZIECKIEM O WOJNIE ? przygotowa\u0142a: Agnieszka Wrzesiak \u2013 psycholog kliniczny \u0422\u0435\u043a\u0441\u0442 \u0443\u043a\u0440\u0430\u0457\u043d\u0441\u044c\u043a\u043e\u044e \u043c\u043e\u0432\u043e\u044e Od kilku dni dzieci i nastolatkowie s\u0142ysz\u0105 o wojnie na Ukrainie, s\u0105 \u015bwiadkami rozm\u00f3w..."}

Aleksandra Pełka

Jak rozmawiać z dzieckiem o wojnie? - Blog - porady pedagogiczne

<blockquote class="wp-embedded-content" data-secret="NwkYsI7hIR"><a href="https://mojebambino.pl/blog/index.php/2022/02/28/dziecko-a-wojna/">Jak rozmawiać z dzieckiem o wojnie?</a></blockquote><iframe sandbox="allow-scripts" security="restricted" src="https://mojebambino.pl/blog/index.php/2022/02/28/dziecko-a-wojna/embed/#?secret=NwkYsI7hIR" width="600" height="338" title="&#8222;Jak rozmawiać z dzieckiem o wojnie?&#8221; &#8212; Blog - porady pedagogiczne" data-secret="NwkYsI7hIR" frameborder="0" marginwidth="0" marginheight="0" scrolling="no" class="wp-embedded-content"></iframe><script type="text/javascript">
/* <![CDATA[ */
/*! This file is auto-generated */
!function(d,l){"use strict";l.querySelector&&d.addEventListener&&"undefined"!=typeof URL&&(d.wp=d.wp||{},d.wp.receiveEmbedMessage||(d.wp.receiveEmbedMessage=function(e){var t=e.data;if((t||t.secret||t.message||t.value)&&!/[^a-zA-Z0-9]/.test(t.secret)){for(var s,r,n,a=l.querySelectorAll('iframe[data-secret="'+t.secret+'"]'),o=l.querySelectorAll('blockquote[data-secret="'+t.secret+'"]'),c=new RegExp("^https?:$","i"),i=0;i<o.length;i++)o[i].style.display="none";for(i=0;i<a.length;i++)s=a[i],e.source===s.contentWindow&&(s.removeAttribute("style"),"height"===t.message?(1e3<(r=parseInt(t.value,10))?r=1e3:~~r<200&&(r=200),s.height=r):"link"===t.message&&(r=new URL(s.getAttribute("src")),n=new URL(t.value),c.test(n.protocol))&&n.host===r.host&&l.activeElement===s&&(d.top.location.href=t.value))}},d.addEventListener("message",d.wp.receiveEmbedMessage,!1),l.addEventListener("DOMContentLoaded",function(){for(var e,t,s=l.querySelectorAll("iframe.wp-embedded-content"),r=0;r<s.length;r++)(t=(e=s[r]).getAttribute("data-secret"))||(t=Math.random().toString(36).substring(2,12),e.src+="#?secret="+t,e.setAttribute("data-secret",t)),e.contentWindow.postMessage({message:"ready",secret:t},"*")},!1)))}(window,document);
/* ]]> */
</script>

JAK ROZMAWIAĆ Z DZIECKIEM O WOJNIE ? przygotowała: Agnieszka Wrzesiak – psycholog kliniczny Текст українською мовою Od kilku dni dzieci i nastolatkowie słyszą o wojnie na Ukrainie, są świadkami rozmów...
